26 - 1?
-64827
In base 6, what is 2540 - 255?
2241
In base 13, what is 1 + 1744?
1745
In base 12, what is -3 - -2a92a5?
2a92a2
In base 11, what is 222 - -171?
393
In base 7, what is 32 + 166613?
166645
In base 2, what is 11010100 + 11110000011?
100001010111
In base 16, what is 59 - -36c?
3c5
In base 12, what is 986b - -15?
9884
In base 16, what is b667 + 0?
b667
In base 9, what is -23 - 14872?
-15005
In base 13, what is 4 + -4488b7?
-4488b3
In base 3, what is 22110021102 + 112?
22110021221
In base 2, what is 10 + -11000100011011001?
-11000100011010111
In base 2, what is 10001 + -110101101100?
-110101011011
In base 7, what is 16651 - -24?
20005
In base 7, what is -4 + 3331465?
3331461
In base 2, what is 11001011011101001100011 - 1?
11001011011101001100010
In base 13, what is -9 + -32878?
-32884
In base 13, what is 8 - -76c7?
7702
In base 7, what is -23232 + 1?
-23231
In base 12, what is -1 + 2628a4?
2628a3
In base 6, what is -204 + 224?
20
In base 7, what is 2600 + -2341?
226
In base 4, what is 112103330 - -112?
112110102
In base 2, what is 10001001 - -11011001?
101100010
In base 7, what is -32 - -21105?
21043
In base 8, what is 24 - -137?
163
In base 8, what is 3705143 + 5?
3705150
In base 5, what is 104 - 244?
-140
In base 4, what is 323001 + -3110?
313231
In base 16, what is 80 - -250?
2d0
In base 15, what is 2 + -3b?
-39
In base 11, what is -8a + -18a?
-269
In base 10, what is 116216 - 30?
116186
In base 14, what is -1bc8 - 1b?
-1c05
In base 11, what is 7 + -4a293a?
-4a2933
In base 15, what is 4d - -55?
a3
In base 4, what is 310100130 - 1?
310100123
In base 11, what is -118 - 1492?
-15aa
In base 5, what is 3023 + -33242?
-30214
In base 14, what is 12 - 1ad?
-19b
In base 15, what is 13 - 635?
-622
In base 7, what is 16 - 2604?
-2555
In base 2, what is -10100111101 + -1011101?
-10110011010
In base 10, what is -2 - 5707?
-5709
In base 11, what is 1 - -5765a?
57660
In base 13, what is 124cc + 6?
12505
In base 8, what is 1175 + -30?
1145
In base 11, what is 222 + -117?
106
In base 9, what is 5 - -52135?
52141
In base 5, what is 102 + 24110?
24212
In base 4, what is -3021010 - -2011?
-3012333
In base 7, what is 162125 + -5?
162120
In base 14, what is 5004 + 2?
5006
In base 8, what is 35 - -6422?
6457
In base 10, what is 31771 - 0?
31771
In base 13, what is -4c1 - 19?
-50a
In base 2, what is -10111000010 + 1?
-10111000001
In base 13, what is -412973 - 3?
-412976
In base 15, what is -3 - -b1b01?
b1aed
In base 2, what is -101110011 - 1000100101?
-1110011000
In base 13, what is -360 + b?
-352
In base 5, what is -120332 + 34?
-120243
In base 10, what is 29477 + -16?
29461
In base 3, what is 201100220 - -101?
201101021
In base 16, what is -52 - 1b9?
-20b
In base 8, what is 11666 - -42?
11730
In base 8, what is -622 - -56?
-544
In base 8, what is -1102413 - 2?
-1102415
In base 14, what is -a + 17967?
1795b
In base 7, what is -11600364 - -3?
-11600361
In base 14, what is 2 + -95743?
-95741
In base 15, what is 459 - 19?
440
In base 15, what is 15 + -3d?
-28
In base 7, what is 32052 + -5?
32044
In base 3, what is -101212112 + -1?
-101212120
In base 14, what is -114 - 61?
-175
In base 9, what is -3 - -274837?
274834
In base 15, what is -96 + 15?
-81
In base 13, what is -252 + a6?
-179
In base 10, what is -466 + 1087?
621
In base 5, what is -4343 + 30421?
21023
In base 11, what is -3115 - -23?
-30a2
In base 4, what is -2010 + 10331?
2321
In base 16, what is 2f4 + 3?
2f7
In base 9, what is -23866 - 8?
-23875
In base 12, what is 23a093 - 0?
23a093
In base 15, what is -4 + 4205?
4201
In base 7, what is 11 + 16354?
16365
In base 12, what is -4 - -37ab02?
37aaba
In base 3, what is 10122 + -111?
10011
In base 3, what is -1011 - -222112?
221101
In base 12, what is -671 + 88?
-5a5
In base 7, what is 1412230 - -12?
1412242
In base 11, what is -160451 + -4?
-160455
In base 14, what is -26d4 + 22?
-26b2
In base 15, what is -116 + -36d?
-484
In base 16, what is -444 - c4?
-508
In base 14, what is 151353 + 2?
151355
In base 9, what is 68 - -2367?
2446
In base 2, what is -1001010110011010110 - -1000?
-1001010110011001110
In base 3, what is 20221212 - 1112?
20220100
In base 5, what is -14303 + -33303?
-103111
In base 13, what is 4b5 - -52?
537
In base 3, what is -10 - -102212120?
102212110
In base 10, what is 1474 - 205?
1269
In base 10, what is 4 + 357798?
357802
In base 13, what is -1 + -1225?
-1226
In base 7, what is -4561164 + -4?
-4561201
In base 16, what is 20e6 - 112?
1fd4
In base 12, what is 3 - -4857?
485a
In base 2, what is -11000101111001011 + 1000?
-11000101111000011
In base 2, what is -1001000010101001 - 100?
-1001000010101101
In base 2, what is 11111010100 - 1101?
11111000111
In base 2, what is -101 - 11011000101001?
-11011000101110
In base 11, what is 2 - 42a11?
-42a0a
In base 12, what is 3 + -12b498?
-12b495
In base 6, what is 1414305 - 4?
1414301
In base 2, what is -100110 + -1010100010?
-1011001000
In base 13, what is 615ab - -5?
615b3
In base 13, what is 9 - 18870?
-18864
In base 13, what is 0 + 10302?
10302
In base 14, what is 4 + 3d036?
3d03a
In base 16, what is 2dca + -76?
2d54
In base 7, what is -31 - -15134?
15103
In base 8, what is -7 - -410777?
410770
In base 4, what is 1332002 + 1?
1332003
In base 4, what is -1031 + 1303103?
1302012
In base 11, what is -13a6243 - 4?
-13a6247
In base 3, what is -220 + -122001000?
-122001220
In base 11, what is 272 + 11377?
11639
In base 8, what is -155522 + -2?
-155524
In base 13, what is 5 + -101?
-c9
In base 15, what is -134 + 42?
-e2
In base 10, what is 4 + 8106?
8110
In base 9, what is 545 - 11?
534
In base 12, what is 0 + 12a102?
12a102
In base 14, what is -d21 + -5?
-d26
In base 11, what is -4066454 + 1?
-4066453
In base 8, what is 657 - 17?
640
In base 9, what is -20885 - 0?
-20885
In base 13, what is -102 - 14ab?
-15b0
In base 15, what is 1 - 1edd4?
-1edd3
In base 2, what is -1101100 - 1110111100?
-10000101000
In base 14, what is 216 + -1?
215
In base 6, what is -11222410 + 3?
-11222403
In base 14, what is 3 - dc8b?
-dc88
In base 12, what is -3 + 2a49?
2a46
In base 11, what is 2 - 20a479?
-20a477
In base 11, what is 0 - -69472?
69472
In base 10, what is -34 + -9933?
-9967
In base 8, what is 131543 - -64?
131627
In base 10, what is 330 - -1028?
1358
In base 10, what is 1 - -7678?
7679
In base 14, what is -5dab + 4?
-5da7
In base 5, what is 43121411 + 1?
43121412
In base 11, what is 4 + 21a3?
21a7
In base 5, what is -413 - 133334?
-134302
In base 4, what is 2301 - 20233?
-11332
In base 7, what is 52 + -441?
-356
In base 16, what is -5ad0 - -2?
-5ace
In base 12, what is -3 - -1a47?
1a44
In base 13, what is -6ab28 + 4?
-6ab24
In base 2, what is -100100110011 + 1110010?
-100011000001
In base 16, what is 3ac - -77?
423
In base 8, what is 3 - -1267?
1272
In base 12, what is 6 + 14889?
14893
In base 9, what is -3 + -604205?
-604208
In base 13, what is 6c4 - -155a?
1c51
In base 15, what is -13 + -6688?
-669b
In base 2, what is -1 - -1001110010100?
1001110010011
In base 10, what is 4 + -8654?
-8650
In base 4, what is -11330212 - 3?
-11330221
In base 4, what is 220101 - -12110?
232211
In base 9, what is -3 + -6760?
-6763
In base 8, what is 5175 + -3561?
1414
In base 2, what is -1001111100100011010 + -101?
-1001111100100011111
In base 14, what is 2 + -11a47?
-11a45
In base 14, what is 4c7 + 305?
7cc
In base 8, what is 264350 + 6?
264356
In base 5, what is 3033 - 133?
2400
In base 15, what is 24 + -4e5?
-4c1
In base 5, what is 20404 + 34?
20443
In base 12, what is 5 - 3638b?
-36386
In base 8, what is 6 - -10465?
10473
In base 12, what is 282b87 + b?
282b96
In base 13, what is -1377 + -5a?
-1404
In base 9, what is -3 - 47451?
-47454
In base 16, what is 179 + 1041?
11ba
In base 14, what is 4588 - -4?
458c
In base 5, what is -133 + 11002433?
11002300
In base 9, what is 44111 - 0?
44111
In base 4, what is -11 - -212203200?
212203123
In base 11, what is -1281396 + 3?
-1281393
In base 12, what is 72 + -10099?
-10027
In base 11, what is 69 - -82?
140
In base 2, what is 11101011100 - -1111?
11101101011
In base 11, what is -5 + -2106?
-2110
In base 8, what is -315 - 5601?
-6116
In base 10, what is 17 + 4157?
4174
In base 15, what is -19185 + 2?
-19183
In base 12, what is b - -68439?
68448
In base 9, what is 0 + -184575?
-1